et a be (30/4)/(6*v/24). Suppose -118 = -a*o + 162. What is the greatest common factor of 140 and o?
28
Let l = 546 - 532. What is the highest common divisor of 3444 and l?
14
Suppose -3*w + 4*c = -45, 15*w + 5*c = 14*w + 34. What is the greatest common divisor of 3116 and w?
19
Let m = 6 + 862. Calculate the greatest common divisor of 28 and m.
28
Let n(g) be the first derivative of g**3/3 - 2*g**2 - 15*g - 4. Let u be n(7). Suppose -279 = -u*a + 21. Calculate the highest common factor of a and 125.
25
Let g = 5865 + -5824. Suppose 100 + 310 = i. Calculate the highest common factor of g and i.
41
Suppose 20860 - 73780 = -90*p. Calculate the highest common divisor of p and 224.
28
Let u be (0/(6/(0 - 3)))/(-1). Suppose 2*t - 4*i + u = -4, 5*i = 20. Let b = 62 + -8. What is the greatest common factor of b and t?
6
Suppose -4*v = 2*u - 42, 0 = 3*u + 5*v - 7*v - 31. Calculate the greatest common factor of 14599 and u.
13
Suppose 10*k = -0*k - 80. Let x(j) = -j**2 - 13*j - 33. Let o be x(k). What is the highest common factor of o and 91?
7
Suppose -2*t + 3*t = -3*w + 1, 0 = -2*w - 4*t + 4. Suppose w = 14*b - 6*b - 64. Let q = -58 - -114. What is the highest common factor of q and b?
8
Suppose -5*k - 7*k = 9*k - 17136. Calculate the greatest common factor of 204 and k.
204
Let y(g) be the third derivative of -g**5/60 + 19*g**4/24 + g**3/3 - 136*g**2. Let w be y(19). Calculate the greatest common factor of w and 22.
2
Let o(l) = 81*l**2 - 209*l - 1030. Let d be o(-5). Calculate the highest common factor of 2380 and d.
340
Suppose 0 = -2*t + x + 3*x + 58, 5*t - 67 = -3*x. Let m = 59 + -25. What is the highest common factor of m and t?
17
Suppose -x = 3*l + 115, -20*l + 15*l = 5*x + 565. Let f = -25 - x. Calculate the greatest common factor of 116 and f.
29
Let r(u) = u**3 - 3*u**2 + 3*u + 4. Let s be r(2). Suppose -s*b + 291 + 189 = 0. Calculate the greatest common factor of 60 and b.
20
Suppose -y - 3 = 10. Let p(c) = -4*c**2 + 26*c - 4. Let l be p(8). Let h = y - l. What is the greatest common divisor of h and 26?
13
Suppose -2*s + 1607 = 5*r, 14*r - 983 = -5*s + 3522. Let g(x) = x**3 - 2*x**2 + 5*x - 2. Let h be g(4). What is the highest common divisor of r and h?
25
Suppose 2*g - 694 = -2*s, 0*s - s = 5*g - 1751. Suppose -62*n + 36*n + 34*n = 72. What is the highest common factor of g and n?
9
Suppose 0 = -3*t - 5*k + 277, 0*t = -5*t + 3*k + 507. What is the greatest common factor of t and 253?
11
Let l be (3 - (-2 - 5/(-2)))*-38. Suppose 0 = 9*k - 55 + 892. Let u = k - l. What is the greatest common divisor of u and 22?
2
Let z be ((-767)/(-1)*11 + 21/7)/2. Calculate the highest common factor of z and 20.
20
Suppose -25*z + 29*z = 48. Let y be 866/z - ((-41)/6 - -7). Suppose 0 = 5*o + 3*k - 891, -5*o + 333 + 582 = -5*k. What is the greatest common factor of y and o?
36
Suppose 2*r + 55170 = 5*s, -2*s - 15*r + 17*r + 22062 = 0. Calculate the highest common factor of 4 and s.
4
Let z = -8041 - -8046. Suppose -82 = -3*q - 4*a + 23, 4*a = -5*q + 175. What is the highest common factor of q and z?
5
Let t = -350 - -352. Suppose 67 - 89 = -t*u. Calculate the greatest common factor of 176 and u.
11
Suppose 1567 = -7*w + 20*w + 1398. Calculate the highest common factor of 5603 and w.
13
Suppose 4*m - 63 = 345. Let q = 2506 + -2472. What is the highest common divisor of q and m?
34
Suppose 3*i + 7 - 1 = 0, -3*l = -5*i + 1985. Let h be ((-19)/(l/126))/(6/80). What is the greatest common divisor of h and 16?
16
Let j(s) = 12*s**2 + 2*s. Suppose 0*l + 2*l - 10 = 0, 0 = 5*m - 4*l. Let n be j(m). Let w = -106026 - -106106. What is the highest common factor of w and n?
40
Suppose -3*y = 5*t - 2992 - 434, -4*y - 12 = 0. Let o = t - 487. What is the greatest common factor of 120 and o?
40
Let j = 174 - 173. Suppose 2*w + 5*b = w - 29, 28 = -2*w - 4*b. Let p be j/(((-1)/4)/(2 + w)). What is the highest common divisor of 4 and p?
4
Let x(z) = 689*z - 460. Let c be x(17). What is the highest common factor of 121 and c?
121
Let r be ((-4)/(-22))/((-132)/(-726)). Calculate the greatest common divisor of 1380 and r.
1
Let i be ((-5984)/(-66))/((-2)/(-6)). Calculate the highest common divisor of 2924 and i.
68
Suppose -n + 3 = -g - 5, 0 = -4*g - 3*n - 4. Let h = 214 - 58. Let v = h - g. Calculate the highest common divisor of 16 and v.
16
Let n(o) = -21*o - 42. Let t = -250 - -243. Let a be n(t). Suppose 0 = -c + 4 + 11. Calculate the greatest common factor of c and a.
15
Suppose 7*b - 176 = -4*b. Suppose 6*j = 8 + 52. Suppose 5*u + 4*t = 264, j = 2*u - 2*t - 110. Calculate the highest common factor of b and u.
8
Suppose 120210 + 58200 = 33*u + 31725. Calculate the greatest common divisor of 35 and u.
35
Let a be (-16)/(-80)*325 - 2*1. What is the greatest common factor of a and 45?
9
Let f(y) = -2*y**2 - 126*y - 85. Let d be f(-47). What is the greatest common factor of 129 and d?
129
Let l be (-48)/((-13)/(13/2)) - (-4 - 0). Calculate the greatest common divisor of l and 21602.
14
Let f(a) = a**3 - 14*a**2 - 15*a + 2. Let z be f(15). Suppose 98 = z*d + 3*q, 3*d + 4*q + 9 - 157 = 0. Calculate the highest common factor of 13 and d.
13
Let r(f) = -8*f + 3. Let m be r(0). Suppose m*p = 2*l - 13, 4*l - 50 = -3*p + p. What is the greatest common factor of 33 and l?
11
Let u(g) be the first derivative of -41*g**2/2 - 14*g - 227. Let r be u(-7). Calculate the highest common factor of r and 117.
39
Let b(o) = 2*o**2 - 7*o - 5. Let q be b(4). Let r be 20*(-15)/(-10)*q/(-3). Let l be 2*(-2)/(0 + (-4)/r). Calculate the highest common divisor of 110 and l.
10
Suppose -2*f + 14 = -0*f. Suppose -f = -q + 1. Suppose 0 = -v - k + 128, 5*v + 3*k - 204 = 436. Calculate the highest common divisor of v and q.
8
Let y(d) = -d**2 - 2*d + 38. Let v be y(5). Suppose -5*h + 97 = 3*q, v*h + 143 - 53 = 2*q. What is the greatest common factor of 78 and q?
39
Suppose 4*j - 8 = -0*j. Let m be (-2)/28*j - (-14290)/70. Suppose 13*r - m = 7*r. Calculate the greatest common factor of r and 17.
17
Let f = -138 - -170. Let p be f/(-6)*(1215/18)/(-15). What is the greatest common divisor of 648 and p?
24
Let a = -177 + 250. Let j = -27 + a. Calculate the highest common divisor of j and 552.
46
Let c(d) = d**2 - 18*d - 46. Let n be c(22). Let j(k) = -23*k + 158. Let f be j(2). What is the highest common divisor of f and n?
14
Let n(q) = 2*q**3 - 16*q**2 + 14*q + 28. Let d be n(11). Suppose 2*v + 1144 = 5*i, -4*i = 3*v - v - d. Calculate the greatest common divisor of 76 and i.
76
Let y = -348 - -342. Let v be (-7)/21*-21 + y. Calculate the greatest common divisor of 41 and v.
1
Let x(g) = -3*g**3 - 17*g**2 - 2*g + 10. Suppose 57 = -5*q - i + 22, 4*i = 0. Let r be x(q). Calculate the highest common divisor of 20 and r.
20
Suppose -k = -4*n - 143, 3*n - 264 = -0*k - 2*k. Suppose -32*i - 42558 = -10622. Let h = i - -1013. Calculate the highest common factor of k and h.
15
Let b(m) = 78*m - 7638. Let n be b(98). Calculate the highest common divisor of 1236 and n.
6
Let g(l) = -4 - 14*l**2 - 7 + 25*l**2 - 8*l**2. Let h be g(-5). Calculate the highest common factor of 256 and h.
64
Let b(y) = -y + 1536 - 9*y - 1517 + 21*y**2 + 2*y**3. Let i be b(-11). What is the highest common factor of 536 and i?
8
Let j = 31066 - 21696. Calculate the greatest common divisor of 20 and j.
10
Let t(j) = j**3 + 22 + 8*j**2 + 7*j**2 - 11*j**2 + 9*j**2 + 20*j. Let o be t(-11). Calculate the greatest common divisor of o and 33.
11
Let m be -4*(-9 - 33/(-12)). Calculate the highest common factor of m and 18325.
25
Suppose -4*k = 5*w + 308, 3*w = 6*w - 4*k + 204. Let x = w + 66. Calculate the highest common factor of 16 and x.
2
Let t = -5172 + 5178. Calculate the highest common factor of 1668 and t.
6
Let w(g) = 3*g**2 - 7*g + 2. Let x be 10/(-8) + (-111)/148. Let z be w(x). What is the greatest common factor of 21 and z?
7
Let z(a) = -a**3 + 73*a**2 - 23*a - 1148. Let s be z(72). What is the greatest common factor of 1540 and s?
140
Let p = -54 - -59. Suppose -18 = -p*r - 3. Suppose -o = c - 13, -2 = r*c - o - 33. Calculate the greatest common factor of c and 44.
11
Suppose -9*m + 2650130 = -41*m + 270*m. Calculate the highest common divisor of 170 and m.
85
Let h = 56 + -55. Let i(g) = -g**3 + 2*g**2 + g - 2. Let y be i(h). Le